. What is the remainder when 39 is divided by o?
9
Suppose -3*j = -5*o - 98, 33 = 4*o + 13. Let z = 46 - j. What is the remainder when z is divided by 2?
1
Let k(o) = 7*o**2 + 4*o + 4. Let g(w) = -w**3 + 50*w**2 - 226*w + 59. Calculate the remainder when k(-3) is divided by g(45).
13
Let s(m) = 29*m**3 + m**2 - 3*m + 2. Let i be s(1). Let b = i + -8. What is the remainder when 145 is divided by b?
19
Suppose 17*y - 96 = -4*q + 14*y, -2*q + 3*y + 30 = 0. Calculate the remainder when 101 is divided by q.
17
Let x(z) = z**2 - 11*z - 13. Let d be x(13). Suppose -2 - 258 = -d*i. What is the remainder when i is divided by 6?
2
Suppose 2*v - 2*w - 2 = 0, 4*w + 0*w = -v + 21. Suppose 3*y = 2*c - 22, -13*y + 20 = -18*y. Calculate the remainder when (-6)/15 + 37/v is divided by c.
2
Let g be (-2)/4 + 76/8. Let j = g - 8. Calculate the remainder when (j - 63)*(-1)/2 is divided by 17.
14
Suppose s = 5*t - 6, 2*s + 6*t = t - 12. What is the remainder when ((-3)/s)/(1/28) is divided by 4?
2
Suppose 34 - 14 = 4*f. Suppose -f*q + 3 = -97. Calculate the remainder when 79 is divided by q.
19
Let n = 57 - 55. Suppose n*b - d = 7*b - 61, 2*b - 18 = -2*d. What is the remainder when b is divided by 5?
3
Let t(w) = -w**3 - w - 1. Let x(a) = -a**3 - 7*a**2 - 6*a - 5. Let s(i) = -2*t(i) + x(i). Let b = -10 + 26. What is the remainder when s(8) is divided by b?
13
Let j = 553 - 517. Calculate the remainder when j is divided by 16.
4
Calculate the remainder when 373 is divided by (3/(9/8))/((-34)/(-1173)).
5
Let d(l) = -l + 13. Let o(h) be the second derivative of h**4/12 + 4*h**2 + 5*h. Calculate the remainder when o(0) is divided by d(8).
3
Suppose -97 = -3*b - 25. Let x = -6 - -3. Let k = b + x. What is the remainder when 40 is divided by k?
19
Suppose 8*d + 130 = 6*d. Let y be 206/10 + (-26)/d. Let s = 31 - y. What is the remainder when 48 is divided by s?
8
Let w = 12 - -8. Suppose 0 = 2*y - f - w, -2*f + 13 = 5. Calculate the remainder when y is divided by 6.
0
Let z = -506 - -570. Calculate the remainder when z is divided by 0 + 2*5 - -1.
9
Let z be -2 - (1 - 36/4). Suppose -z*r = -13 - 95. Suppose -3*b - 53 = -4*b. Calculate the remainder when b is divided by r.
17
Let m = 55 - 30. Let a be -2 + 3/3 + 3. Suppose 2*s = 3*h - 2*h + 19, 0 = -2*h - a. What is the remainder when m is divided by s?
7
Suppose 50*d - 51*d - 4*q + 257 = 0, -4*d + q = -1096. Calculate the remainder when d is divided by 3.
0
Let w(p) = 2*p - 66. Let z be w(-15). Let g = z - -128. What is the remainder when g is divided by 5?
2
Let a(f) = -f**3 + f + 12. Let k(p) = 4*p**2 - p + 2. Suppose 27 = -2*b + 11*b. Calculate the remainder when k(b) is divided by a(0).
11
Let x(k) = k**3 + 6*k**2 + 5*k + 5. Let h be x(-5). Suppose 0 = 4*d + 16, -73 - 801 = -3*f - h*d. Calculate the remainder when 81 is divided by 6/(-21) + f/14.
18
Let j be ((-322)/(-35))/((-2)/(-5)). Let h(c) = c**2 - 22*c + 29. Calculate the remainder when h(j) is divided by 28.
24
Suppose 0*v = v - 4*q, 4*v = -4*q. Suppose 2*n - 2*i = 32, 0 = 2*i - v*i + 2. Calculate the remainder when n is divided by 3.
0
Suppose -14*g - 208 + 1538 = 0. Calculate the remainder when 284 is divided by g.
94
Suppose -5*i = 3*z - 275, -110 = -2*i - 27*z + 28*z. Calculate the remainder when 823 is divided by i.
53
Let z be (7/4)/(31/124). Suppose -4*v - 5*y + 39 = 0, -2*y = 1 + 1. Let p = v + z. Calculate the remainder when p is divided by 7.
4
Let l(o) = -o**2 + 9*o + 20. What is the remainder when 45 is divided by l(5)?
5
Let g(s) = -s**2 - 9*s - 10. Let q be g(-6). Let r(w) = -w**3 + 9*w**2 - 7*w + 6. What is the remainder when 39 is divided by r(q)?
11
Suppose -147 = -5*s - 3*v, -2*s + 34 = 4*v - 22. Let n be 2/(-8) + s/(-8). Let g = n - -6. Calculate the remainder when 4 is divided by g.
0
Let u = 65 + -54. What is the remainder when 148 is divided by u?
5
Let o = -336 + 348. Calculate the remainder when 102 is divided by o.
6
Suppose 2*d = -z + 1, d - 6*d + 10 = -5*z. What is the remainder when ((-90)/27)/(z/15) - -3 is divided by 15?
8
Let c = -16 + 68. Calculate the remainder when 170 is divided by c.
14
What is the remainder when 124 is divided by 1/3 - (-286)/33?
7
Suppose 4*x = -4*i + 36, -17*x + 36 = -13*x - 2*i. Let h = 94 - 33. What is the remainder when h is divided by x?
7
Suppose -5*u = 5*a - 150, -3*a + 4*a = 3*u - 82. Calculate the remainder when 279 is divided by u.
27
Let q = -11 - -11. Let k be q/(-2) + (-6 - -62). Let j = -35 + k. What is the remainder when 60 is divided by j?
18
Let p = -197 + 385. Calculate the remainder when p is divided by 65.
58
Suppose 14*d + 19 - 243 = 0. Calculate the remainder when 76 is divided by d.
12
Let j = 255 - -67. Calculate the remainder when j is divided by 12.
10
Suppose 2*s - s - k = 0, -3*k = -4*s + 2. Let p(c) = 11*c + s + 1 + 3*c**2 - 6*c. Calculate the remainder when 44 is divided by p(-3).
14
Let s(c) = c + 3*c - 4*c - 2 + 4*c. Suppose -1 = -x + 14. What is the remainder when s(15) is divided by x?
13
Let d = 21 - 16. Suppose 4*n = x + 27 + 71, 0 = d*x + 10. Calculate the remainder when 116 is divided by n.
20
Let k = -490 - -531. Calculate the remainder when k is divided by 7.
6
Suppose 4*f + 9 = 169. Let v = f + -25. What is the remainder when 73 is divided by v?
13
Suppose -7*s - 12*s = -1387. What is the remainder when s is divided by 39?
34
Let r = 491 - 478. What is the remainder when 75 is divided by r?
10
Suppose 4*c - 4*f - 256 = 0, 250 = 4*c + 2*f - 3*f. Suppose -4*l - 8 = 0, -3*p = -2*l - l - 66. Let y = c - p. Calculate the remainder when y is divided by 15.
12
Suppose -4*i - 554 = -902. Calculate the remainder when i is divided by 22.
21
Suppose s = 3 + 5. Suppose s*z = 6*z + 12. Calculate the remainder when 23 is divided by z.
5
Let f = -1134 - -1171. Calculate the remainder when f is divided by -3 - -6 - 5 - -24.
15
Suppose 0 = -4*y + 7 + 1. Suppose 54 + 48 = y*v. Suppose -5*w = 2*i - v, -3*w + 27 = 4*i + 2. What is the remainder when 41 is divided by w?
8
Suppose -5*v - 9 = 2*y - 3, -4*v - 6 = 2*y. What is the remainder when y/(-2)*-2*146/(-6) is divided by 4/18 + (-399)/(-27)?
13
Let k(x) = -4*x - 16. Let h be k(-7). Suppose 23*l = 22*l + h. Calculate the remainder when 22 is divided by l.
10
Suppose -14*b + 56 = -70. Calculate the remainder when 42 is divided by b.
6
Let s = -52 - -88. Suppose -25 + s = r. What is the remainder when 63 is divided by r?
8
Suppose 3*j = -5*n - 15, 3*j + 12 + 3 = 0. Suppose n = 4*w + 5*c - 64, c - 31 = -w - 4*c. Calculate the remainder when 75 is divided by w.
9
Let f = 9 + 17. Let k(i) = 13*i + 10. Let d(n) = -7*n - 7. Let o be d(-2). What is the remainder when k(o) is divided by f?
23
Suppose 0*n - 120 = -2*n. Let j(a) = 2*a - 14. Let q be j(9). Suppose 0 = q*f + 4, 3*g = -3*f + n. Calculate the remainder when g is divided by 6.
3
Suppose -142 = -5*p + 4*t, 2*p + 2*t = 31 + 33. Calculate the remainder when p is divided by 2.
0
Let z = 27 - 13. Let k = 12 + -9. Let q(w) = 3*w**2 + w - 5. What is the remainder when q(k) is divided by z?
11
Let z(s) = s**3 + s**2 - s + 45. Let u(v) = -v**2 + 10*v - 7. Let n be u(9). Suppose 0 = 4*h - n*h. Calculate the remainder when z(h) is divided by 12.
9
Suppose 4*i - 295 = -3*p, 20*i - 15*i = 2*p - 212. Calculate the remainder when 185 is divided by p.
84
Suppose 3080 = -24*v + 38*v. Calculate the remainder when v is divided by 17.
16
Let p = -4 + 4. Suppose -2 = 2*r - p. What is the remainder when 50 is divided by ((-2)/6)/(r/39)?
11
Suppose 278*x = 287*x - 4041. What is the remainder when x is divided by 68?
41
Suppose -27*n + 710 = -32*n. What is the remainder when (-1)/1*1 - (-7 + n) is divided by 30?
28
Let c(f) = 5*f**3 - 3*f**2 + 29*f - 32. What is the remainder when c(5) is divided by 23?
19
Let d(i) = 6*i - 43. What is the remainder when d(15) is divided by 27?
20
Suppose 5*t + 3*x = 187, -2*x + 4 = -6*x. What is the remainder when 189 is divided by t?
37
Calculate the remainder when (1 + 80)/(114/2812) is divided by 80.
78
Calculate the remainder when -78*(-4)/12*(3 + -1) is divided by 2/(-6) - 84/(-9).
7
Let s(h) = -17*h - 3. Let n be s(-6). Suppose 4*l + 13 = -3*c + n, -76 = -4*l + 2*c. Suppose -l = r - 3*r. What is the remainder when r is divided by 3?
1
Suppose 1347 + 1593 = 15*v. C